{"id":1208,"date":"2024-03-05T11:58:20","date_gmt":"2024-03-05T10:58:20","guid":{"rendered":"https:\/\/szablon.nfhotel.usermd.net\/?post_type=oferty-specjalne&#038;p=1208"},"modified":"2026-03-06T11:44:25","modified_gmt":"2026-03-06T10:44:25","slug":"oferta-elastyczna-30dni","status":"publish","type":"oferty-specjalne","link":"https:\/\/rezydencjasloneczna.pl\/en\/oferty-specjalne\/oferta-elastyczna-30dni\/","title":{"rendered":"Flexible offer + 2 tickets to Termy Bania included (on selected dates)"},"content":{"rendered":"","protected":false},"featured_media":1669,"template":"","acf":[],"yoast_head":"<!-- This site is optimized with the Yoast SEO plugin v22.8 - https:\/\/yoast.com\/wordpress\/plugins\/seo\/ -->\n<title>Oferta elastyczna z terminow\u0105 anulacj\u0105 - Rezydencja S\u0142oneczna<\/title>\n<meta name=\"description\" content=\"Zobacz oferty, dost\u0119pno\u015b\u0107 i ceny w Rezydencji S\u0142onecznej w Bia\u0142ce Tatrza\u0144skiej. Luksusowy kurort narciarski. Wynajmij apartament w Bia\u0142ce.\" \/>\n<meta name=\"robots\" content=\"index, follow, max-snippet:-1, max-image-preview:large, max-video-preview:-1\" \/>\n<link rel=\"canonical\" href=\"https:\/\/rezydencjasloneczna.pl\/en\/oferty-specjalne\/oferta-elastyczna-30dni\/\" \/>\n<meta property=\"og:locale\" content=\"en_GB\" \/>\n<meta property=\"og:type\" content=\"article\" \/>\n<meta property=\"og:title\" content=\"Oferta elastyczna z terminow\u0105 anulacj\u0105 - Rezydencja S\u0142oneczna\" \/>\n<meta property=\"og:description\" content=\"Zobacz oferty, dost\u0119pno\u015b\u0107 i ceny w Rezydencji S\u0142onecznej w Bia\u0142ce Tatrza\u0144skiej. Luksusowy kurort narciarski. Wynajmij apartament w Bia\u0142ce.\" \/>\n<meta property=\"og:url\" content=\"https:\/\/rezydencjasloneczna.pl\/en\/oferty-specjalne\/oferta-elastyczna-30dni\/\" \/>\n<meta property=\"og:site_name\" content=\"S\u0142oneczna Rezydencja\" \/>\n<meta property=\"article:publisher\" content=\"https:\/\/www.facebook.com\/profile.php?id=61563367360799\" \/>\n<meta property=\"article:modified_time\" content=\"2026-03-06T10:44:25+00:00\" \/>\n<meta property=\"og:image\" content=\"https:\/\/rezydencjasloneczna.pl\/wp-content\/uploads\/2024\/08\/DSCF8710_1_3-1.jpg\" \/>\n\t<meta property=\"og:image:width\" content=\"1920\" \/>\n\t<meta property=\"og:image:height\" content=\"1280\" \/>\n\t<meta property=\"og:image:type\" content=\"image\/jpeg\" \/>\n<meta name=\"twitter:card\" content=\"summary_large_image\" \/>\n<meta name=\"twitter:label1\" content=\"Estimated reading time\" \/>\n\t<meta name=\"twitter:data1\" content=\"1 minute\" \/>\n<script type=\"application\/ld+json\" class=\"yoast-schema-graph\">{\"@context\":\"https:\/\/schema.org\",\"@graph\":[{\"@type\":\"WebPage\",\"@id\":\"https:\/\/rezydencjasloneczna.pl\/oferty-specjalne\/oferta-elastyczna-30dni\/\",\"url\":\"https:\/\/rezydencjasloneczna.pl\/oferty-specjalne\/oferta-elastyczna-30dni\/\",\"name\":\"Oferta elastyczna z terminow\u0105 anulacj\u0105 - Rezydencja S\u0142oneczna\",\"isPartOf\":{\"@id\":\"https:\/\/rezydencjasloneczna.pl\/#website\"},\"primaryImageOfPage\":{\"@id\":\"https:\/\/rezydencjasloneczna.pl\/oferty-specjalne\/oferta-elastyczna-30dni\/#primaryimage\"},\"image\":{\"@id\":\"https:\/\/rezydencjasloneczna.pl\/oferty-specjalne\/oferta-elastyczna-30dni\/#primaryimage\"},\"thumbnailUrl\":\"https:\/\/rezydencjasloneczna.pl\/wp-content\/uploads\/2024\/08\/DSCF8710_1_3-1.jpg\",\"datePublished\":\"2024-03-05T10:58:20+00:00\",\"dateModified\":\"2026-03-06T10:44:25+00:00\",\"description\":\"Zobacz oferty, dost\u0119pno\u015b\u0107 i ceny w Rezydencji S\u0142onecznej w Bia\u0142ce Tatrza\u0144skiej. Luksusowy kurort narciarski. Wynajmij apartament w Bia\u0142ce.\",\"breadcrumb\":{\"@id\":\"https:\/\/rezydencjasloneczna.pl\/oferty-specjalne\/oferta-elastyczna-30dni\/#breadcrumb\"},\"inLanguage\":\"en-GB\",\"potentialAction\":[{\"@type\":\"ReadAction\",\"target\":[\"https:\/\/rezydencjasloneczna.pl\/oferty-specjalne\/oferta-elastyczna-30dni\/\"]}]},{\"@type\":\"ImageObject\",\"inLanguage\":\"en-GB\",\"@id\":\"https:\/\/rezydencjasloneczna.pl\/oferty-specjalne\/oferta-elastyczna-30dni\/#primaryimage\",\"url\":\"https:\/\/rezydencjasloneczna.pl\/wp-content\/uploads\/2024\/08\/DSCF8710_1_3-1.jpg\",\"contentUrl\":\"https:\/\/rezydencjasloneczna.pl\/wp-content\/uploads\/2024\/08\/DSCF8710_1_3-1.jpg\",\"width\":1920,\"height\":1280},{\"@type\":\"BreadcrumbList\",\"@id\":\"https:\/\/rezydencjasloneczna.pl\/oferty-specjalne\/oferta-elastyczna-30dni\/#breadcrumb\",\"itemListElement\":[{\"@type\":\"ListItem\",\"position\":1,\"name\":\"Strona g\u0142\u00f3wna\",\"item\":\"https:\/\/rezydencjasloneczna.pl\/\"},{\"@type\":\"ListItem\",\"position\":2,\"name\":\"Oferta elastyczna + 2 bilety na Termy Bania w cenie (w wybranych datach)\"}]},{\"@type\":\"WebSite\",\"@id\":\"https:\/\/rezydencjasloneczna.pl\/#website\",\"url\":\"https:\/\/rezydencjasloneczna.pl\/\",\"name\":\"S\u0142oneczna Rezydencja\",\"description\":\"Luksus wypoczynku w Bia\u0142ce Tatrza\u0144skiej\",\"publisher\":{\"@id\":\"https:\/\/rezydencjasloneczna.pl\/#organization\"},\"potentialAction\":[{\"@type\":\"SearchAction\",\"target\":{\"@type\":\"EntryPoint\",\"urlTemplate\":\"https:\/\/rezydencjasloneczna.pl\/?s={search_term_string}\"},\"query-input\":\"required name=search_term_string\"}],\"inLanguage\":\"en-GB\"},{\"@type\":\"Organization\",\"@id\":\"https:\/\/rezydencjasloneczna.pl\/#organization\",\"name\":\"S\u0142oneczna Rezydencja\",\"url\":\"https:\/\/rezydencjasloneczna.pl\/\",\"logo\":{\"@type\":\"ImageObject\",\"inLanguage\":\"en-GB\",\"@id\":\"https:\/\/rezydencjasloneczna.pl\/#\/schema\/logo\/image\/\",\"url\":\"https:\/\/rezydencjasloneczna.pl\/wp-content\/uploads\/2024\/07\/cropped-Dostepne-wkrotce-Post-na-Instagram-1.jpg\",\"contentUrl\":\"https:\/\/rezydencjasloneczna.pl\/wp-content\/uploads\/2024\/07\/cropped-Dostepne-wkrotce-Post-na-Instagram-1.jpg\",\"width\":512,\"height\":512,\"caption\":\"S\u0142oneczna Rezydencja\"},\"image\":{\"@id\":\"https:\/\/rezydencjasloneczna.pl\/#\/schema\/logo\/image\/\"},\"sameAs\":[\"https:\/\/www.facebook.com\/profile.php?id=61563367360799\"]}]}<\/script>\n<!-- \/ Yoast SEO plugin. -->","yoast_head_json":{"title":"Oferta elastyczna z terminow\u0105 anulacj\u0105 - Rezydencja S\u0142oneczna","description":"Zobacz oferty, dost\u0119pno\u015b\u0107 i ceny w Rezydencji S\u0142onecznej w Bia\u0142ce Tatrza\u0144skiej. Luksusowy kurort narciarski. Wynajmij apartament w Bia\u0142ce.","robots":{"index":"index","follow":"follow","max-snippet":"max-snippet:-1","max-image-preview":"max-image-preview:large","max-video-preview":"max-video-preview:-1"},"canonical":"https:\/\/rezydencjasloneczna.pl\/en\/oferty-specjalne\/oferta-elastyczna-30dni\/","og_locale":"en_GB","og_type":"article","og_title":"Oferta elastyczna z terminow\u0105 anulacj\u0105 - Rezydencja S\u0142oneczna","og_description":"Zobacz oferty, dost\u0119pno\u015b\u0107 i ceny w Rezydencji S\u0142onecznej w Bia\u0142ce Tatrza\u0144skiej. Luksusowy kurort narciarski. Wynajmij apartament w Bia\u0142ce.","og_url":"https:\/\/rezydencjasloneczna.pl\/en\/oferty-specjalne\/oferta-elastyczna-30dni\/","og_site_name":"S\u0142oneczna Rezydencja","article_publisher":"https:\/\/www.facebook.com\/profile.php?id=61563367360799","article_modified_time":"2026-03-06T10:44:25+00:00","og_image":[{"width":1920,"height":1280,"url":"https:\/\/rezydencjasloneczna.pl\/wp-content\/uploads\/2024\/08\/DSCF8710_1_3-1.jpg","type":"image\/jpeg"}],"twitter_card":"summary_large_image","twitter_misc":{"Estimated reading time":"1 minute"},"schema":{"@context":"https:\/\/schema.org","@graph":[{"@type":"WebPage","@id":"https:\/\/rezydencjasloneczna.pl\/oferty-specjalne\/oferta-elastyczna-30dni\/","url":"https:\/\/rezydencjasloneczna.pl\/oferty-specjalne\/oferta-elastyczna-30dni\/","name":"Oferta elastyczna z terminow\u0105 anulacj\u0105 - Rezydencja S\u0142oneczna","isPartOf":{"@id":"https:\/\/rezydencjasloneczna.pl\/#website"},"primaryImageOfPage":{"@id":"https:\/\/rezydencjasloneczna.pl\/oferty-specjalne\/oferta-elastyczna-30dni\/#primaryimage"},"image":{"@id":"https:\/\/rezydencjasloneczna.pl\/oferty-specjalne\/oferta-elastyczna-30dni\/#primaryimage"},"thumbnailUrl":"https:\/\/rezydencjasloneczna.pl\/wp-content\/uploads\/2024\/08\/DSCF8710_1_3-1.jpg","datePublished":"2024-03-05T10:58:20+00:00","dateModified":"2026-03-06T10:44:25+00:00","description":"Zobacz oferty, dost\u0119pno\u015b\u0107 i ceny w Rezydencji S\u0142onecznej w Bia\u0142ce Tatrza\u0144skiej. Luksusowy kurort narciarski. Wynajmij apartament w Bia\u0142ce.","breadcrumb":{"@id":"https:\/\/rezydencjasloneczna.pl\/oferty-specjalne\/oferta-elastyczna-30dni\/#breadcrumb"},"inLanguage":"en-GB","potentialAction":[{"@type":"ReadAction","target":["https:\/\/rezydencjasloneczna.pl\/oferty-specjalne\/oferta-elastyczna-30dni\/"]}]},{"@type":"ImageObject","inLanguage":"en-GB","@id":"https:\/\/rezydencjasloneczna.pl\/oferty-specjalne\/oferta-elastyczna-30dni\/#primaryimage","url":"https:\/\/rezydencjasloneczna.pl\/wp-content\/uploads\/2024\/08\/DSCF8710_1_3-1.jpg","contentUrl":"https:\/\/rezydencjasloneczna.pl\/wp-content\/uploads\/2024\/08\/DSCF8710_1_3-1.jpg","width":1920,"height":1280},{"@type":"BreadcrumbList","@id":"https:\/\/rezydencjasloneczna.pl\/oferty-specjalne\/oferta-elastyczna-30dni\/#breadcrumb","itemListElement":[{"@type":"ListItem","position":1,"name":"Strona g\u0142\u00f3wna","item":"https:\/\/rezydencjasloneczna.pl\/"},{"@type":"ListItem","position":2,"name":"Oferta elastyczna + 2 bilety na Termy Bania w cenie (w wybranych datach)"}]},{"@type":"WebSite","@id":"https:\/\/rezydencjasloneczna.pl\/#website","url":"https:\/\/rezydencjasloneczna.pl\/","name":"S\u0142oneczna Rezydencja","description":"Luksus wypoczynku w Bia\u0142ce Tatrza\u0144skiej","publisher":{"@id":"https:\/\/rezydencjasloneczna.pl\/#organization"},"potentialAction":[{"@type":"SearchAction","target":{"@type":"EntryPoint","urlTemplate":"https:\/\/rezydencjasloneczna.pl\/?s={search_term_string}"},"query-input":"required name=search_term_string"}],"inLanguage":"en-GB"},{"@type":"Organization","@id":"https:\/\/rezydencjasloneczna.pl\/#organization","name":"S\u0142oneczna Rezydencja","url":"https:\/\/rezydencjasloneczna.pl\/","logo":{"@type":"ImageObject","inLanguage":"en-GB","@id":"https:\/\/rezydencjasloneczna.pl\/#\/schema\/logo\/image\/","url":"https:\/\/rezydencjasloneczna.pl\/wp-content\/uploads\/2024\/07\/cropped-Dostepne-wkrotce-Post-na-Instagram-1.jpg","contentUrl":"https:\/\/rezydencjasloneczna.pl\/wp-content\/uploads\/2024\/07\/cropped-Dostepne-wkrotce-Post-na-Instagram-1.jpg","width":512,"height":512,"caption":"S\u0142oneczna Rezydencja"},"image":{"@id":"https:\/\/rezydencjasloneczna.pl\/#\/schema\/logo\/image\/"},"sameAs":["https:\/\/www.facebook.com\/profile.php?id=61563367360799"]}]}},"_links":{"self":[{"href":"https:\/\/rezydencjasloneczna.pl\/en\/wp-json\/wp\/v2\/oferty-specjalne\/1208"}],"collection":[{"href":"https:\/\/rezydencjasloneczna.pl\/en\/wp-json\/wp\/v2\/oferty-specjalne"}],"about":[{"href":"https:\/\/rezydencjasloneczna.pl\/en\/wp-json\/wp\/v2\/types\/oferty-specjalne"}],"wp:featuredmedia":[{"embeddable":true,"href":"https:\/\/rezydencjasloneczna.pl\/en\/wp-json\/wp\/v2\/media\/1669"}],"wp:attachment":[{"href":"https:\/\/rezydencjasloneczna.pl\/en\/wp-json\/wp\/v2\/media?parent=1208"}],"curies":[{"name":"wp","href":"https:\/\/api.w.org\/{rel}","templated":true}]}}

<!-- This site is optimized with the Yoast SEO plugin v22.8 - https://yoast.com/wordpress/plugins/seo/ -->
<title>Oferta elastyczna z terminową anulacją - Rezydencja Słoneczna</title>
<meta name="description" content="Zobacz oferty, dostępność i ceny w Rezydencji Słonecznej w Białce Tatrzańskiej. Luksusowy kurort narciarski. Wynajmij apartament w Białce." />
<meta name="robots" content="index, follow, max-snippet:-1, max-image-preview:large, max-video-preview:-1" />
<link rel="canonical" href="https://rezydencjasloneczna.pl/en/oferty-specjalne/oferta-elastyczna-30dni/" />
<meta property="og:locale" content="en_GB" />
<meta property="og:type" content="article" />
<meta property="og:title" content="Oferta elastyczna z terminową anulacją - Rezydencja Słoneczna" />
<meta property="og:description" content="Zobacz oferty, dostępność i ceny w Rezydencji Słonecznej w Białce Tatrzańskiej. Luksusowy kurort narciarski. Wynajmij apartament w Białce." />
<meta property="og:url" content="https://rezydencjasloneczna.pl/en/oferty-specjalne/oferta-elastyczna-30dni/" />
<meta property="og:site_name" content="Słoneczna Rezydencja" />
<meta property="article:publisher" content="https://www.facebook.com/profile.php?id=61563367360799" />
<meta property="article:modified_time" content="2026-03-06T10:44:25+00:00" />
<meta property="og:image" content="https://rezydencjasloneczna.pl/wp-content/uploads/2024/08/DSCF8710_1_3-1.jpg" />
	<meta property="og:image:width" content="1920" />
	<meta property="og:image:height" content="1280" />
	<meta property="og:image:type" content="image/jpeg" />
<meta name="twitter:card" content="summary_large_image" />
<meta name="twitter:label1" content="Estimated reading time" />
	<meta name="twitter:data1" content="1 minute" />
<script type="application/ld+json" class="yoast-schema-graph">{"@context":"https://schema.org","@graph":[{"@type":"WebPage","@id":"https://rezydencjasloneczna.pl/oferty-specjalne/oferta-elastyczna-30dni/","url":"https://rezydencjasloneczna.pl/oferty-specjalne/oferta-elastyczna-30dni/","name":"Oferta elastyczna z terminową anulacją - Rezydencja Słoneczna","isPartOf":{"@id":"https://rezydencjasloneczna.pl/#website"},"primaryImageOfPage":{"@id":"https://rezydencjasloneczna.pl/oferty-specjalne/oferta-elastyczna-30dni/#primaryimage"},"image":{"@id":"https://rezydencjasloneczna.pl/oferty-specjalne/oferta-elastyczna-30dni/#primaryimage"},"thumbnailUrl":"https://rezydencjasloneczna.pl/wp-content/uploads/2024/08/DSCF8710_1_3-1.jpg","datePublished":"2024-03-05T10:58:20+00:00","dateModified":"2026-03-06T10:44:25+00:00","description":"Zobacz oferty, dostępność i ceny w Rezydencji Słonecznej w Białce Tatrzańskiej. Luksusowy kurort narciarski. Wynajmij apartament w Białce.","breadcrumb":{"@id":"https://rezydencjasloneczna.pl/oferty-specjalne/oferta-elastyczna-30dni/#breadcrumb"},"inLanguage":"en-GB","potentialAction":[{"@type":"ReadAction","target":["https://rezydencjasloneczna.pl/oferty-specjalne/oferta-elastyczna-30dni/"]}]},{"@type":"ImageObject","inLanguage":"en-GB","@id":"https://rezydencjasloneczna.pl/oferty-specjalne/oferta-elastyczna-30dni/#primaryimage","url":"https://rezydencjasloneczna.pl/wp-content/uploads/2024/08/DSCF8710_1_3-1.jpg","contentUrl":"https://rezydencjasloneczna.pl/wp-content/uploads/2024/08/DSCF8710_1_3-1.jpg","width":1920,"height":1280},{"@type":"BreadcrumbList","@id":"https://rezydencjasloneczna.pl/oferty-specjalne/oferta-elastyczna-30dni/#breadcrumb","itemListElement":[{"@type":"ListItem","position":1,"name":"Strona główna","item":"https://rezydencjasloneczna.pl/"},{"@type":"ListItem","position":2,"name":"Oferta elastyczna + 2 bilety na Termy Bania w cenie (w wybranych datach)"}]},{"@type":"WebSite","@id":"https://rezydencjasloneczna.pl/#website","url":"https://rezydencjasloneczna.pl/","name":"Słoneczna Rezydencja","description":"Luksus wypoczynku w Białce Tatrzańskiej","publisher":{"@id":"https://rezydencjasloneczna.pl/#organization"},"potentialAction":[{"@type":"SearchAction","target":{"@type":"EntryPoint","urlTemplate":"https://rezydencjasloneczna.pl/?s={search_term_string}"},"query-input":"required name=search_term_string"}],"inLanguage":"en-GB"},{"@type":"Organization","@id":"https://rezydencjasloneczna.pl/#organization","name":"Słoneczna Rezydencja","url":"https://rezydencjasloneczna.pl/","logo":{"@type":"ImageObject","inLanguage":"en-GB","@id":"https://rezydencjasloneczna.pl/#/schema/logo/image/","url":"https://rezydencjasloneczna.pl/wp-content/uploads/2024/07/cropped-Dostepne-wkrotce-Post-na-Instagram-1.jpg","contentUrl":"https://rezydencjasloneczna.pl/wp-content/uploads/2024/07/cropped-Dostepne-wkrotce-Post-na-Instagram-1.jpg","width":512,"height":512,"caption":"Słoneczna Rezydencja"},"image":{"@id":"https://rezydencjasloneczna.pl/#/schema/logo/image/"},"sameAs":["https://www.facebook.com/profile.php?id=61563367360799"]}]}</script>
<!-- / Yoast SEO plugin. -->

Oferta elastyczna z terminową anulacją - Rezydencja Słoneczna

Zobacz oferty, dostępność i ceny w Rezydencji Słonecznej w Białce Tatrzańskiej. Luksusowy kurort narciarski. Wynajmij apartament w Białce.

Słoneczna Rezydencja

Strona główna

Luksus wypoczynku w Białce Tatrzańskiej
